{"id":1364,"date":"2022-04-07T12:34:43","date_gmt":"2022-04-07T10:34:43","guid":{"rendered":"https:\/\/edckranj.com\/?page_id=1364"},"modified":"2022-04-14T14:18:11","modified_gmt":"2022-04-14T12:18:11","slug":"karierni-center","status":"publish","type":"page","link":"https:\/\/edckranj.com\/index.php\/karierni-center\/","title":{"rendered":"Karierni center"},"content":{"rendered":"\n<p>Karierni center Vi\u0161je strokovne \u0161ole EDC Kranj je za\u010del delovati kot svetovanje \u0161tudentom na prehodu k iskanju zaposlitve in prakti\u010dnega izobra\u017eevanja. \u0160tudentom in diplomantom a\u017eurno podajamo informacije z objavami prostih delovnih mest na spletni strani \u0161ole.<\/p>\n<p>Kontakt kariernega centa je edc.visja@guest.arnes.si.<\/p>\n<p>Objava za \u0161tudentsko delo v laboratoriju JP <a href=\"http:\/\/edckranj.com\/wp-content\/uploads\/2022\/04\/Komunala-Kranj-studentsko-delo-v-laboratoriju-13042022.docx\">Komunala Kranj \u0161tudentsko delo v laboratoriju 13042022<\/a>Komunala Kranj<\/p>\n","protected":false},"excerpt":{"rendered":"<p>Karierni center Vi\u0161je strokovne \u0161ole EDC Kranj je za\u010del delovati kot svetovanje \u0161tudentom na prehodu k iskanju zaposlitve in prakti\u010dnega izobra\u017eevanja. \u0160tudentom in diplomantom a\u017eurno podajamo informacije z objavami prostih delovnih mest na spletni strani \u0161ole. Kontakt kariernega centa je edc.visja@guest.arnes.si. Objava za \u0161tudentsko delo v laboratoriju JP Komunala Kranj[&#8230;]<\/p>\n","protected":false},"author":1,"featured_media":0,"parent":0,"menu_order":0,"comment_status":"closed","ping_status":"closed","template":"","meta":{"footnotes":""},"_links":{"self":[{"href":"https:\/\/edckranj.com\/index.php\/wp-json\/wp\/v2\/pages\/1364"}],"collection":[{"href":"https:\/\/edckranj.com\/index.php\/wp-json\/wp\/v2\/pages"}],"about":[{"href":"https:\/\/edckranj.com\/index.php\/wp-json\/wp\/v2\/types\/page"}],"author":[{"embeddable":true,"href":"https:\/\/edckranj.com\/index.php\/wp-json\/wp\/v2\/users\/1"}],"replies":[{"embeddable":true,"href":"https:\/\/edckranj.com\/index.php\/wp-json\/wp\/v2\/comments?post=1364"}],"version-history":[{"count":3,"href":"https:\/\/edckranj.com\/index.php\/wp-json\/wp\/v2\/pages\/1364\/revisions"}],"predecessor-version":[{"id":1400,"href":"https:\/\/edckranj.com\/index.php\/wp-json\/wp\/v2\/pages\/1364\/revisions\/1400"}],"wp:attachment":[{"href":"https:\/\/edckranj.com\/index.php\/wp-json\/wp\/v2\/media?parent=1364"}],"curies":[{"name":"wp","href":"https:\/\/api.w.org\/{rel}","templated":true}]}}