{"id":168,"date":"2016-09-22T11:30:54","date_gmt":"2016-09-22T11:30:54","guid":{"rendered":"http:\/\/dev1.nanostudio.eu\/edc\/?page_id=168"},"modified":"2023-10-03T17:30:30","modified_gmt":"2023-10-03T15:30:30","slug":"cenik","status":"publish","type":"page","link":"https:\/\/edckranj.com\/index.php\/o-visji-strokovni-soli\/cenik\/","title":{"rendered":"Cenik"},"content":{"rendered":"<table style=\"border-collapse: collapse; width: 100%; height: 78px;\">\n<tbody>\n<tr style=\"height: 26px;\">\n<td style=\"width: 50%; height: 26px;\">VPISNINA ZA VSAKO \u0160OLSKO LETO<\/td>\n<td style=\"width: 50%; height: 26px;\">500,00 \u20ac<\/td>\n<\/tr>\n<tr style=\"height: 26px;\">\n<td style=\"width: 50%; height: 26px;\">\u0160OLNINA ZA LETNIK<\/td>\n<td style=\"width: 50%; height: 26px;\">2.000,00 \u20ac<\/td>\n<\/tr>\n<tr style=\"height: 26px;\">\n<td style=\"width: 50%; height: 26px;\">DIPLOMSKO DELO<\/td>\n<td style=\"width: 50%; height: 26px;\">500,00 \u20ac<\/td>\n<\/tr>\n<\/tbody>\n<\/table>\n<p>Ob vpisu \u0161tudent poravna vpisnino, ki vklju\u010duje stro\u0161ke za u\u010dno gradivo, elektronski indeks, stro\u0161ke zavarovanja na praksi in administrativne stro\u0161ke.<\/p>\n<p>\u0160olnino se lahko poravna:<\/p>\n<ul>\n<li>v enkratnem znesku, <strong>(2.000,00 \u20ac) <\/strong>z realizacijo pla\u010dila najpozneje do 20. novembra teko\u010dega \u0161tudijskega leta.<\/li>\n<li>v petih mese\u010dnih obrokih, pla\u010dljivih do 20. v teko\u010dem mesecu. Znesek enega obroka je <strong>400,00 \u20ac<\/strong>.<\/li>\n<\/ul>\n<p>\u0160olnina vklju\u010duje prve tri izpitne roke za posamezen predmet, \u010detrti in nadaljnji roki se obra\u010dunavajo po ceniku.<\/p>\n","protected":false},"excerpt":{"rendered":"<p>VPISNINA ZA VSAKO \u0160OLSKO LETO 500,00 \u20ac \u0160OLNINA ZA LETNIK 2.000,00 \u20ac DIPLOMSKO DELO 500,00 \u20ac Ob vpisu \u0161tudent poravna vpisnino, ki vklju\u010duje stro\u0161ke za u\u010dno gradivo, elektronski indeks, stro\u0161ke zavarovanja na praksi in administrativne stro\u0161ke. \u0160olnino se lahko poravna: v enkratnem znesku, (2.000,00 \u20ac) z realizacijo pla\u010dila najpozneje do[&#8230;]<\/p>\n","protected":false},"author":1,"featured_media":0,"parent":151,"menu_order":0,"comment_status":"closed","ping_status":"closed","template":"","meta":{"footnotes":""},"_links":{"self":[{"href":"https:\/\/edckranj.com\/index.php\/wp-json\/wp\/v2\/pages\/168"}],"collection":[{"href":"https:\/\/edckranj.com\/index.php\/wp-json\/wp\/v2\/pages"}],"about":[{"href":"https:\/\/edckranj.com\/index.php\/wp-json\/wp\/v2\/types\/page"}],"author":[{"embeddable":true,"href":"https:\/\/edckranj.com\/index.php\/wp-json\/wp\/v2\/users\/1"}],"replies":[{"embeddable":true,"href":"https:\/\/edckranj.com\/index.php\/wp-json\/wp\/v2\/comments?post=168"}],"version-history":[{"count":7,"href":"https:\/\/edckranj.com\/index.php\/wp-json\/wp\/v2\/pages\/168\/revisions"}],"predecessor-version":[{"id":1489,"href":"https:\/\/edckranj.com\/index.php\/wp-json\/wp\/v2\/pages\/168\/revisions\/1489"}],"up":[{"embeddable":true,"href":"https:\/\/edckranj.com\/index.php\/wp-json\/wp\/v2\/pages\/151"}],"wp:attachment":[{"href":"https:\/\/edckranj.com\/index.php\/wp-json\/wp\/v2\/media?parent=168"}],"curies":[{"name":"wp","href":"https:\/\/api.w.org\/{rel}","templated":true}]}}