{"id":17,"date":"2016-09-09T14:02:33","date_gmt":"2016-09-09T13:02:33","guid":{"rendered":"http:\/\/dev1.nanostudio.eu\/edc\/?page_id=17"},"modified":"2022-10-05T17:12:11","modified_gmt":"2022-10-05T15:12:11","slug":"domov","status":"publish","type":"page","link":"https:\/\/edckranj.com\/","title":{"rendered":"Domov"},"content":{"rendered":"<p><span style=\"color: #000000; font-family: Calibri;\">Spo\u0161tovani \u0161tudenti,<\/span><\/p>\n<p><span style=\"color: #000000; font-family: Calibri;\">\u017eelim vam, da bi bili pri \u0161tudiju uspe\u0161ni in da bi vam \u0161tudij \u010dim bolj slu\u017eil na va\u0161i poklicni poti. Ves \u010das sledimo viziji \u0161ole, ki pa jo uresni\u010dujemo skupaj z vami.<\/span><\/p>\n<p><span style=\"color: #000000; font-family: Calibri;\">\u00a0Direktor Du\u0161an Rozman<\/span><\/p>\n","protected":false},"excerpt":{"rendered":"<p>Spo\u0161tovani \u0161tudenti, \u017eelim vam, da bi bili pri \u0161tudiju uspe\u0161ni in da bi vam \u0161tudij \u010dim bolj slu\u017eil na va\u0161i poklicni poti. Ves \u010das sledimo viziji \u0161ole, ki pa jo uresni\u010dujemo skupaj z vami. \u00a0Direktor Du\u0161an Rozman<\/p>\n","protected":false},"author":1,"featured_media":0,"parent":0,"menu_order":0,"comment_status":"closed","ping_status":"closed","template":"template-front.php","meta":{"footnotes":""},"_links":{"self":[{"href":"https:\/\/edckranj.com\/index.php\/wp-json\/wp\/v2\/pages\/17"}],"collection":[{"href":"https:\/\/edckranj.com\/index.php\/wp-json\/wp\/v2\/pages"}],"about":[{"href":"https:\/\/edckranj.com\/index.php\/wp-json\/wp\/v2\/types\/page"}],"author":[{"embeddable":true,"href":"https:\/\/edckranj.com\/index.php\/wp-json\/wp\/v2\/users\/1"}],"replies":[{"embeddable":true,"href":"https:\/\/edckranj.com\/index.php\/wp-json\/wp\/v2\/comments?post=17"}],"version-history":[{"count":3,"href":"https:\/\/edckranj.com\/index.php\/wp-json\/wp\/v2\/pages\/17\/revisions"}],"predecessor-version":[{"id":1453,"href":"https:\/\/edckranj.com\/index.php\/wp-json\/wp\/v2\/pages\/17\/revisions\/1453"}],"wp:attachment":[{"href":"https:\/\/edckranj.com\/index.php\/wp-json\/wp\/v2\/media?parent=17"}],"curies":[{"name":"wp","href":"https:\/\/api.w.org\/{rel}","templated":true}]}}