{"id":47,"date":"2016-09-10T14:45:59","date_gmt":"2016-09-10T14:45:59","guid":{"rendered":"http:\/\/localhost:8888\/edc\/?page_id=47"},"modified":"2016-09-30T10:18:23","modified_gmt":"2016-09-30T10:18:23","slug":"gradbeni-tehnik","status":"publish","type":"page","link":"https:\/\/edckranj.com\/index.php\/srednja-sola-izobrazevalni-programi\/gradbeni-tehnik\/","title":{"rendered":"Gradbeni tehnik"},"content":{"rendered":"<p>Naziv poklicne izobrazbe: <strong>gradbeni tehnik\/gradbena tehnica<\/strong><\/p>\n<p>Izobra\u017eevalni program je ovrednoten s 120 kreditnimi to\u010dkami (KT).<\/p>\n<h2>Trajanje izobra\u017eevanja<\/h2>\n<p>Izobra\u017eevanje traja dve leti.<br \/>\nProgram prekvalifikacije traja eno leto.<\/p>\n<h2>Vpisni pogoji<\/h2>\n<p>V izobra\u017eevalni program se lahko vpi\u0161e, kdor je uspe\u0161no kon\u010dal srednje poklicno izobra\u017eevanje in si pridobil enega od nazivov poklicne izobrazbe:<\/p>\n<ul>\n<li>zidar, upravljalec te\u017eke gradbene mehanizacije, tesar, slikopleskar-\u010drkoslikar, polagalec talnih oblog, pe\u010dar-polagalec kerami\u010dnih oblog, kamnosek, izvajalec suhomonta\u017ene gradnje, dimnikar, strojnik gradbene mehanizacije, slikopleskar, \u010drkoslikar, pe\u010dar-keramik ali<\/li>\n<li>pridobil drugi naziv srednje poklicne izobrazbe in ima vsaj tri leta delovnih izku\u0161enj na podro\u010dju gradbeni\u0161tva ali<\/li>\n<li>pridobil enakovredno izobrazbo  po prej\u0161njih predpisih.<\/li>\n<\/ul>\n<h2>Pogoji za dokon\u010danje<\/h2>\n<p>Za dokon\u010danje izobra\u017eevanja in pridobitev izobrazbe mora udele\u017eenec uspe\u0161no opraviti s pozitivnimi ocenami:<\/p>\n<ul>\n<li>splo\u0161noizobra\u017eevalne predmete,<\/li>\n<li>obvezne strokovne module,<\/li>\n<li>izbirne strokovne module,<\/li>\n<li>odprti del kurikula.<\/li>\n<\/ul>\n<p>Poleg tega mora opraviti<\/p>\n<ul>\n<li>obveznosti prakti\u010dnega usposabljanja z delom in<\/li>\n<li>poklicno maturo.<\/li>\n<\/ul>\n<h2>\u0160olnina<\/h2>\n<p>Udele\u017eenec izobra\u017eevanja ob vpisu pla\u010da vpisnino (300,00 \u20ac). Preostalo \u0161olnino je mo\u017eno pla\u010dati v mese\u010dnih obrokih.<\/p>\n<hr \/>\n<h2>PREDMETNIK<\/h2>\n<h3><strong>A \u2013 Splo\u0161noizobra\u017eevalni predmeti<\/strong><\/h3>\n<p>Sloven\u0161\u010dina 1 in 2<br \/>\nMatematika 1 in 2<br \/>\nTuji jezik<br \/>\nUmetnost<br \/>\nZgodovina<br \/>\nGeografija<br \/>\nSociologija\/Psihologija<br \/>\nFizika<br \/>\nKemija<\/p>\n<h3><strong>B- Strokovni moduli<\/strong><\/h3>\n<p>Stavbarstvo 1 in 2<br \/>\nGradbeni in\u017eenirski objekti 1 in 2<br \/>\nGradbena mehanika<br \/>\nKalkulacije<br \/>\nGeodezija v gradbeni\u0161tvu<br \/>\nOsnove projektiranja<br \/>\nIzbirni predmet 1<br \/>\nIzbirni predmet 2<\/p>\n<h3><strong>C \u2013 Prakti\u010dno usposabljanje<\/strong><strong><br \/>\n<\/strong><\/h3>\n<h3><strong>D \u2013 Odprti del kurikuluma<\/strong><\/h3>\n<h3><strong>E \u2013 Poklicna matura<\/strong><\/h3>\n","protected":false},"excerpt":{"rendered":"<p>Naziv poklicne izobrazbe: gradbeni tehnik\/gradbena tehnica Izobra\u017eevalni program je ovrednoten s 120 kreditnimi to\u010dkami (KT). Trajanje izobra\u017eevanja Izobra\u017eevanje traja dve leti. Program prekvalifikacije traja eno leto. Vpisni pogoji V izobra\u017eevalni program se lahko vpi\u0161e, kdor je uspe\u0161no kon\u010dal srednje poklicno izobra\u017eevanje in si pridobil enega od nazivov poklicne izobrazbe: zidar,[&#8230;]<\/p>\n","protected":false},"author":1,"featured_media":0,"parent":29,"menu_order":0,"comment_status":"closed","ping_status":"closed","template":"","meta":{"footnotes":""},"_links":{"self":[{"href":"https:\/\/edckranj.com\/index.php\/wp-json\/wp\/v2\/pages\/47"}],"collection":[{"href":"https:\/\/edckranj.com\/index.php\/wp-json\/wp\/v2\/pages"}],"about":[{"href":"https:\/\/edckranj.com\/index.php\/wp-json\/wp\/v2\/types\/page"}],"author":[{"embeddable":true,"href":"https:\/\/edckranj.com\/index.php\/wp-json\/wp\/v2\/users\/1"}],"replies":[{"embeddable":true,"href":"https:\/\/edckranj.com\/index.php\/wp-json\/wp\/v2\/comments?post=47"}],"version-history":[{"count":2,"href":"https:\/\/edckranj.com\/index.php\/wp-json\/wp\/v2\/pages\/47\/revisions"}],"predecessor-version":[{"id":142,"href":"https:\/\/edckranj.com\/index.php\/wp-json\/wp\/v2\/pages\/47\/revisions\/142"}],"up":[{"embeddable":true,"href":"https:\/\/edckranj.com\/index.php\/wp-json\/wp\/v2\/pages\/29"}],"wp:attachment":[{"href":"https:\/\/edckranj.com\/index.php\/wp-json\/wp\/v2\/media?parent=47"}],"curies":[{"name":"wp","href":"https:\/\/api.w.org\/{rel}","templated":true}]}}